lse
Is 16 a factor of 29251344?
True
Is 3270 a factor of 766449371?
False
Is 11 a factor of 105176148?
True
Does 26 divide 4202094?
True
Is 1534910485 a multiple of 52?
False
Does 4 divide 5764352?
True
Does 2854 divide 15048963?
False
Does 340 divide 107720067?
False
Is 1479836356 a multiple of 19?
True
Does 36 divide 147228372?
True
Is 2054 a factor of 102700000?
True
Does 2702 divide 1487945466?
True
Is 6576144640 a multiple of 260?
True
Does 33 divide 59870785?
False
Does 1356 divide 65519292?
False
Is 178994560 a multiple of 40?
True
Is 80469902 a multiple of 14?
False
Is 1176 a factor of 12209380?
False
Is 211 a factor of 2481872?
False
Is 51 a factor of 21201465?
True
Is 122 a factor of 26797387?
False
Is 532 a factor of 41084764?
True
Is 2370 a factor of 1326012630?
True
Does 28 divide 9018072?
True
Is 269 a factor of 1083700125?
True
Is 600578064 a multiple of 33?
False
Is 1601376732 a multiple of 10326?
True
Is 3428906 a multiple of 1215?
False
Does 20 divide 30291692?
False
Is 11 a factor of 65324824?
False
Is 347770304 a multiple of 64?
True
Is 12 a factor of 512968538?
False
Does 26 divide 155781419?
False
Is 1617 a factor of 1544600442?
True
Is 1709 a factor of 60021052?
False
Does 240 divide 12285312?
False
Does 543 divide 1171704255?
False
Is 1518 a factor of 2603678154?
True
Is 1587685944 a multiple of 156?
True
Does 48 divide 12897600?
True
Does 34 divide 5868213578?
True
Is 2 a factor of 4894325?
False
Is 164317842 a multiple of 13?
True
Is 2326 a factor of 4270374732?
False
Is 226212231 a multiple of 107?
True
Is 1849316843 a multiple of 99?
False
Is 1840 a factor of 949421600?
True
Does 712 divide 438181176?
True
Is 146272034 a multiple of 89?
True
Does 12 divide 37355331?
False
Is 916664847 a multiple of 461?
True
Does 109 divide 517836304?
False
Is 167 a factor of 28124513?
False
Is 120387658 a multiple of 1500?
False
Does 19 divide 29047846?
True
Is 934 a factor of 367030244?
True
Does 11 divide 13941946?
False
Is 47 a factor of 1036960107?
True
Is 96 a factor of 425716704?
True
Is 27 a factor of 96180454?
False
Does 3472 divide 1060238?
False
Is 61 a factor of 2175343735?
False
Does 1141 divide 52379887?
True
Does 23 divide 72047132?
True
Is 205742444 a multiple of 19?
False
Is 634215183 a multiple of 13?
False
Is 378742364 a multiple of 637?
True
Is 68939883 a multiple of 439?
False
Is 21 a factor of 405157?
False
Does 13 divide 19910202?
True
Is 2538527 a multiple of 683?
False
Is 35546401 a multiple of 149?
False
Is 2788 a factor of 683428016?
True
Is 1319690785 a multiple of 373?
True
Is 204253930 a multiple of 46?
False
Is 1867824 a multiple of 252?
True
Is 381 a factor of 13491037?
False
Does 71 divide 268624382?
True
Does 2139 divide 177472813?
False
Is 201249828 a multiple of 2649?
True
Is 317 a factor of 122202232?
True
Does 43 divide 16570932?
False
Is 1177 a factor of 175809667?
True
Does 886 divide 192323084?
False
Is 13797540 a multiple of 12?
True
Is 74 a factor of 11673582?
False
Is 23 a factor of 1349093337?
False
Is 39 a factor of 219782398?
False
Does 3 divide 52897912?
False
Does 28 divide 303265509?
False
Is 49 a factor of 65901521?
True
Is 32 a factor of 57843840?
True
Is 5 a factor of 251723316?
False
Is 4929 a factor of 468166278?
True
Does 3 divide 290945761?
False
Is 3455036 a multiple of 5?
False
Does 402 divide 3905085?
False
Is 239714405 a multiple of 1355?
True
Is 5424033 a multiple of 4?
False
Is 1415305 a multiple of 100?
False
Is 44 a factor of 658432295?
False
Is 44 a factor of 72967203?
False
Does 9407 divide 1951437611?
False
Is 534622356 a multiple of 1668?
True
Does 5 divide 15086555?
True
Does 396 divide 589680432?
True
Does 516 divide 60899868?
True
Is 4187 a factor of 606623720?
False
Does 461 divide 285932252?
False
Is 5 a factor of 12626337?
False
Is 233688168 a multiple of 3?
True
Is 347736449 a multiple of 177?
False
Does 864 divide 79036128?
True
Does 23 divide 53150953?
True
Does 1494 divide 619023960?
True
Is 86 a factor of 397272786?
True
Does 18 divide 53719038?
True
Is 143 a factor of 5898059?
False
Is 83 a factor of 17939737?
False
Does 6 divide 189665265?
False
Is 6881888 a multiple of 416?
True
Is 1632647593 a multiple of 417?
False
Does 232 divide 1687403?
False
Is 212 a factor of 16644838?
False
Is 147160954 a multiple of 452?
False
Is 2400664 a multiple of 4?
True
Does 393 divide 3310006?
False
Is 4451139011 a multiple of 803?
True
Does 939 divide 768621805?
False
Is 803779206 a multiple of 15?
False
Is 287963620 a multiple of 7?
True
Does 312 divide 262999152?
True
Does 9 divide 188339028?
False
Is 365575454 a multiple of 405?
False
Is 16985837 a multiple of 11?
True
Does 158 divide 602003116?
False
Is 866945456 a multiple of 2021?
False
Is 5 a factor of 5347426?
False
Is 194043894 a multiple of 33?
True
Is 477753494 a multiple of 16?
False
Is 190 a factor of 59832140?
True
Does 595 divide 12598530?
True
Is 747380158 a multiple of 175?
False
Is 520 a factor of 962925490?
False
Is 82 a factor of 6980510997?
False
Does 3234 divide 1363428528?
True
Does 1037 divide 1567988170?
False
Does 22 divide 60295122?
False
Does 18 divide 24346980?
True
Does 11 divide 24187519?
False
Does 373 divide 9745744?
True
Is 356 a factor of 441701896?
False
Is 47 a factor of 272338116?
True
Is 3014358 a multiple of 192?
False
Does 69 divide 218412920?
False
Does 63 divide 18696398?
False
Is 131 a factor of 845188682?
True
Is 74157201 a multiple of 1609?
True
Is 19958392 a multiple of 296?
True
Is 41 a factor of 156330828?
False
Is 13 a factor of 204084114?
True
Is 26 a factor of 380640?
True
Is 2045696954 a multiple of 6678?
False
Is 51 a factor of 40507214?
False
Is 9 a factor of 52754570?
False
Does 100 divide 1564590467?
False
Does 30 divide 4480980120?
True
Does 44 divide 211311892?
True
Is 343811603 a multiple of 1227?
False
Is 105885297 a multiple of 1875?
False
Does 443 divide 586089886?
True
Does 75 divide 7314150?
True
Is 95317585 a multiple of 2915?
True
Is 82 a factor of 43393161?
False
Is 92484735 a multiple of 900?
False
Is 13 a factor of 484331?
False
Is 76 a factor of 153694876?
True
Is 609801 a multiple of 17?
False
Is 7 a factor of 1072084757?
False
Is 88107431 a multiple of 454?
False
Is 144 a factor of 246887699?
False
Does 30 divide 190649904?
False
Is 91 a factor of 478814154?
True
Does 287 divide 2298797102?
True
Does 1387 divide 134770787?
False
Does 64 divide 6347776?
True
Does 3895 divide 24893627?
False
Is 498402655 a multiple of 538?
False
Is 15305777 a multiple of 598?
False
Is 55433148 a multiple of 701?
False
Is 1521449460 a multiple of 287?
False
Does 10 divide 235465410?
True
Does 975 divide 1348214330?
False
Does 11 divide 368154382?
False
Is 1201089762 a multiple of 6730?
False
Does 2 divide 27547287?
False
Does 81 divide 44570574?
True
Is 18889193 a multiple of 17?
True
Does 876 divide 630999444?
True
Is 84748908 a multiple of 12?
True
Does 15 divide 473943030?
True
Does 16 divide 1957178112?
True
Is 17 a factor of 1061158547?
True
Does 37 divide 542475332?
False
Is 972 a factor of 136012141?
False
Is 6 a factor of 109478177?
False
Does 11 divide 11527920?
False
Is 13277071 a multiple of 3?
False
Is 134 a factor of 8706477?
False
Does 49 divide 13088635?
True
Does 86 divide 20315710?
False
Is 128682199 a multiple of 4309?
False
Is 244313802 a multiple of 42?
False
Is 362 a factor of 99154640?
False
Is 45529456 a multiple of 28?
True
Is 2488185343 a multiple of 259?
False
Does 141 divide 8886301?
False
Is 16395460 a multiple of 10?
True
Is 21132440 a multiple of 284?
True
Is 311 a factor of 67126862?
True
Does 402 divide 1131118254?
True
Is 102045681 a multiple of 31?
False
Does 523 divide 52880530?
True
Does 2536 divide 559205752?
True
Is 195 a factor of 245042070?
True
Does 451 divide 891516505?
True
Is 1500 a factor of 56985000?
True
Is 27385604 a multiple of 298?
True
Is 54 a factor of 77822478?
True
Does 65 divide 31595854?
False
Does 1095 divide 8662203?
False
Is 134031075 a multiple of 221?
False
Does 16 divide 3324181566?
False
Is 6 a factor of 45794095?
False
Does 2822 divide 2164265172?
True
Is 249554085 a multiple of 555?
True
Is 1284 a factor of 132294372?
True
Does 55 divide 92222350?
True
Is 19 a factor of 164012769?
True
Is 987 a fa